5*l = 19*l - 4*p - 24. Suppose -146 = l*f - 4461. Is f composite?
False
Let s(t) = t**3 - 17*t**2 + 5. Let k be s(17). Suppose k*n = n + 8. Is n/(-4) - 1679/(-2) a composite number?
False
Suppose 52443 = 2*l + 2917. Is l prime?
True
Let p = -1151 - -760. Let c = 614 + p. Is c prime?
True
Let w = 2172 - 482. Let a = -495 + w. Is a composite?
True
Suppose -11*j = -3*j. Suppose j = 32*y - 36*y + 16580. Is y a prime number?
False
Suppose 28 = 4*z - 4*w, 0*z - 15 = -5*z + w. Let v be z - 2 - (1 - 5). Suppose -4*i + i - 2*q = -115, -v*i = 4*q - 160. Is i prime?
False
Let r be ((-2)/6*14)/((-2)/354). Suppose -2*i + 838 = -4*i. Let o = r + i. Is o a prime number?
False
Let q(y) = 11910*y - 41. Is q(5) composite?
False
Let a = 4829 - 1646. Is a a composite number?
True
Let w = 13 + -17. Let i be (-6 - w) + 2 - -2. Suppose -5*x = -u - 2154, i*u + 353 + 76 = x. Is x prime?
True
Let y = -20600 - -35103. Is y composite?
False
Suppose -2*i + 11066 = -5*p, i - 5*p - 1032 = 4491. Is i a prime number?
False
Let q(y) = 1332*y**2 - 12*y + 47. Is q(6) prime?
False
Let u(h) = -h**3 + 7*h**2 + 5*h - 13. Let n be 12/15 + (-186)/(-30). Is u(n) a prime number?
False
Let u(k) = 10260*k**2 + 17*k - 18. Is u(1) a composite number?
False
Let f(v) = -v**2 + 3*v + 3. Let m be f(3). Let q(g) = 5*g + 4 + m - 6. Is q(2) a prime number?
True
Let o be (-11 - -7)*3/(-4). Let p be (-12)/9*o/2. Is (-1)/((-589)/(-295) + p) composite?
True
Let p(x) = 219*x**2 + 5*x + 17. Is p(-3) prime?
True
Let t(h) = h**2 - h + 7. Suppose -6 = 4*k + 2*w, -4*k - 2*w + 5*w = 11. Let r be k/(16/(-18))*-4. Is t(r) a composite number?
False
Let m(n) = 12*n + 73. Suppose l - 2*j - 34 = -0*l, -25 = -l - j. Is m(l) prime?
True
Let q = -2 - -1755. Is q a prime number?
True
Let b(o) = 787*o**2 - 22*o + 7. Is b(4) prime?
True
Let s(r) = 333*r**2 - 3*r + 7. Suppose z - q - 3*q = 23, 0 = 5*z + 3*q. Is s(z) composite?
True
Suppose q = -r + 9413, 0 = -q + 2*q + 3*r - 9417. Is q a composite number?
True
Is (1276/66)/((-2)/(-93)) prime?
False
Let b(x) = -9 + 2*x**2 - 4*x**2 + x + 3*x**2. Let c be (-1 - 4)/5*(6 + 1). Is b(c) prime?
False
Let z(r) be the first derivative of 31*r**5/120 - r**4/8 + 5*r**3/3 - 3. Let o(p) be the third derivative of z(p). Is o(4) composite?
True
Let i(y) = -y**3 + 4*y**2 + 2*y. Let j be i(0). Suppose 0*o = -3*o + 6. Is (o*-474)/(-4) + j composite?
True
Let b(c) = c**3 - 11*c**2 - 7*c - 8. Is b(19) prime?
False
Suppose 639945 = 52*c - 7*c. Is c prime?
True
Let t = 43145 - 18556. Is t a composite number?
True
Let t(v) = -2*v**3 + v**2 + 3*v - 1. Let l(m) = -10*m**2 + 31*m - 5. Let h(r) = -3*r**2 + 10*r - 2. Let u(x) = -7*h(x) + 2*l(x). Let k be u(7). Is t(k) prime?
True
Let v(s) = -246*s - 8 + 201*s + 0. Is v(-15) a prime number?
False
Let b(s) = -12*s - 52. Let j be b(-7). Is (6/(-8))/3 - (-6216)/j prime?
False
Is ((4857 - 0) + 8/2)/1 a composite number?
False
Suppose 259*q - 255*q - 9628 = 0. Is q a prime number?
False
Suppose 2*f - 24 = 4*s, f + 3 = -1. Is 5*(-6)/(-120) + (-6374)/s prime?
True
Let k = -1257 + 820. Suppose 7*p - 4077 = 1453. Let z = k + p. Is z a prime number?
True
Suppose 0 = 38*n - 32792 - 2282. Is n a prime number?
False
Let c be (-3)/(-2)*(-1164)/(-18). Let n be (-1)/(((-2)/c)/2). Suppose 4*x - 360 = 2*i, -x + 2*i = 5*i - n. Is x a composite number?
True
Suppose -g + 24 = -3*o - 0, -4*g = -3*o - 24. Let a(t) be the first derivative of -t**4/4 - 2*t**3 + 2*t**2 - 19*t + 147. Is a(o) composite?
True
Let k be -457*87/6*-2. Suppose 12*a - 23191 = k. Is a composite?
False
Suppose -i + 4*c = -0*c - 3889, 0 = 4*i - 5*c - 15589. Suppose 5*k = b + 2430, 2*b + 1471 - i = -5*k. Let s = -269 + k. Is s prime?
False
Let t(x) = 2*x**3 - 10*x**2 + x - 15. Let y = 13 - 20. Let k(c) = 3*c**3 - 15*c**2 + 2*c - 22. Let i(j) = y*t(j) + 5*k(j). Is i(8) a composite number?
False
Let a be 46/12 + 6/36. Suppose -2*b + 20676 = 5*y, -2*b = a*y + 5879 - 26559. Is (-1)/(-4) + b/16 prime?
True
Let z(w) be the first derivative of w**3 - w**2/2 - 19*w - 20. Is z(6) a prime number?
True
Suppose 0 = z + z - 8, -2*x = 4*z - 26. Suppose 3*t + h - 4*h - 6 = 0, -3*t = -x*h - 12. Is (t - 1)/(-1)*31 a composite number?
True
Let y = 4 - -3. Suppose -y*v + 3*v = -1012. Is v prime?
False
Let k(z) = -13*z**2 - 7*z + 4. Let g(n) = -13*n**2 - 6*n + 3. Let q(t) = -3*g(t) + 2*k(t). Let v(u) = -u**2 + 2*u + 4. Let x be v(4). Is q(x) a prime number?
True
Let c = 1078 - 641. Suppose 2*l - 890 = -2*w + 4*w, 3*w = l - c. Is l composite?
False
Is 2096 - (7/9 + (-4)/(-18)) composite?
True
Let c(r) = 54*r**2 - 38*r - 39. Is c(17) a composite number?
True
Let v(d) = -d**3 + 6*d**2 + 9*d - 2. Let b be v(7). Suppose -3*x = 5*a - b, 0 = 2*x - 3 + 5. Suppose -z = 5*t + z - 460, -a*t + 272 = 2*z. Is t composite?
True
Let f(i) = i**3 - 14*i**2 + 11. Let l be f(14). Suppose -5 = -12*b + l*b. Suppose 0 = -b*w - 2*y + 161, -3*y - y = 3*w - 91. Is w composite?
True
Suppose n + 4*c + 2375 = 0, 0 = 4*n + c - 1432 + 10872. Let l = -1658 - n. Is l a composite number?
False
Suppose -7*w + 119629 = -76504. Is w prime?
True
Suppose 5*m + 5*p - 11150 = 0, 3*m + 4*p - 702 = 5991. Suppose 2*k - 1087 = m. Is k a composite number?
False
Let y = 180 + 619. Is y a prime number?
False
Let d(h) = 3*h - 12. Let j be d(-6). Let r = j + 12. Let g(w) = w**2 + 14*w - 21. Is g(r) a prime number?
False
Let a = -1088 + 3817. Is a a composite number?
False
Let c be (3 - -1) + 0/13. Suppose y - 5*l = 463, c = l - 2*l. Is y a composite number?
False
Let l(d) = 155*d**3 - 7*d**2 + 10*d - 7. Let j = 4 - 11. Let p(x) = -52*x**3 + 2*x**2 - 3*x + 2. Let n(b) = j*p(b) - 2*l(b). Is n(1) prime?
False
Let p(b) = -11 - 10 + b**3 - 7*b + 8. Suppose -24 = 7*o - 10*o. Is p(o) a prime number?
True
Let g(f) = -21*f**3 - 15*f - 29. Is g(-7) a composite number?
True
Let v = 21 - 18. Suppose -2*q - 65 = v*q. Let f = 18 - q. Is f a prime number?
True
Suppose 2*a = -6, -2*z - 2*z - 5*a + 1141 = 0. Is z a composite number?
True
Let y(k) = -5221*k + 9. Let x be y(-5). Is x/14 - 4/14 - -2 a prime number?
True
Let m(i) = i**2 + 2*i + 1. Let j be m(-1). Suppose j = f + f - 8. Suppose 0 = 5*n + 3*h - 2101, -f*n - 4*h = -922 - 762. Is n a prime number?
True
Let m(k) = 16*k**2 - 2*k - 3. Let u be m(-2). Suppose h = 125 + u. Let y = -63 + h. Is y a composite number?
False
Suppose 43*w - 20 = 48*w. Let v(s) = 107*s**2 - 2*s + 1. Is v(w) a composite number?
False
Let o = 37572 - 26569. Is o prime?
True
Let b be (-10)/4*(-48)/30. Let q be 0/(b/(-1)) + 20. Suppose p = -q + 114. Is p a prime number?
False
Let g(m) = -2*m + 19 - 3 - 5. Let p be g(5). Is (-15)/9*(-33)/p composite?
True
Let j = 41328 + 1321. Is j a composite number?
False
Suppose 4*i - 20589 = u, 0 = -3*i - i + 3*u + 20591. Is i prime?
True
Suppose 3 - 179 = 4*v. Let k = v - -267. Is k prime?
True
Suppose 11*a = 13*a + 4658. Let f = a + 3752. Is f a prime number?
True
Suppose -5*h = -l - 59 - 23, 5*l + 90 = 5*h. Suppose 21*t - h*t = 155. Is t a composite number?
False
Let t(h) = 1333*h**3 + h**2 - 10*h + 15. Is t(2) composite?
False
Let i(o) = -6*o - 2. Let j be i(1). Let y(r) = 4*r**2 + 5*r + 5. Let c be y(j). Suppose 6*g = c + 109. Is g a composite number?
True
Let t(n) = 9*n**3 - 19*n**2 + 8*n + 13. Is t(11) a composite number?
False
Suppose -4*g - 225 + 50 = b, 0 = 3*b - 3*g + 525. Let y = b - -302. Is y a composite number?
False
Let t = -42 - -42. Suppose -3*r + n = -4604, 2*r + r - 5*n - 4600 = t. Is r a composite number?
True
Suppose 2*a - 2 = 0, -5*b + 3*a = -3*b - 33. Let p = -15 + b. Suppose -2*d + 234 = -0*o + 2*o, p*d + 254 = 2*o. Is o composite?
True
Suppose z - 81 = 2*r + 654, 0 = 4*r + 20. Let c(p) = 4*p**3 - 2*p + 2. Let b be c(1). Suppose 2*a = 2*v - 866 - 634, z = v + b*a. Is v prime?
False
Let l(f) = -28*f**2 - 12*f - 6. Let u(s) = 27*s**2 + 11*s + 5. Let x(b) = 4*l(b) + 5*u(b). Let m(n) = -n**2 - 13*n - 15. Let p be m(-12). Is x(p) prime?
False
Suppose -3*g = -5*g. Suppose 9 = -5*c - 5*a + a, 2*a + 2 = g. Let y(h) = 329*h**2 - 2*h - 2. Is y(c) prime?
False
Let c = 288 + 1383. Suppose 0*u + c = 3*u. Is u composite?
False
Is ((-2)/(-2) - 1)/(-2) + 1115 composite?
True
Suppose 0 = b - 5*k - 282, -2*b + k = 3*k - 624. Suppose -q + b = -462. Is q a composite number?
False
Suppose 4*c + 3*c - 72919 = 0. Is c p